 common divisor of h and 34?
34
Let h be (4*(-1)/1)/((-1)/77). What is the highest common divisor of 7 and h?
7
Let n(c) = c**3 - 2*c**2 - 2. Let f be n(3). Let l(i) = 3 + 2*i**2 - i**2 + 0*i**2 - 3 - 1 - 4*i. Let t be l(f). What is the greatest common divisor of t and 8?
4
Let n(i) = i**2 - 11*i + 16. Let z be n(3). Let q be 2/z + (-9261)/(-84). What is the greatest common factor of q and 22?
22
Suppose 3*l + 1 = -4*x + 8, 0 = 4*x - 2*l - 2. Suppose v + 2*r = 8, 0*r + r + 1 = 2*v. Let n = 3 - v. What is the greatest common factor of x and n?
1
Suppose 4*u + 100*q - 436 = 102*q, 4*u + 4*q = 388. Let v = -4 + 25. What is the greatest common divisor of u and v?
21
Let b be (-20)/(-25) - (-21)/5. Suppose 3*n - 2*h = 199, 5*n - b*h + h - 329 = 0. Let w = -1 - -24. What is the highest common factor of n and w?
23
Suppose -5*h + 49 = -7*n + 11*n, 0 = -5*h - 15. What is the greatest common divisor of n and 4?
4
Suppose 7 = 5*n - 18. Suppose 0 = -0*a + n*a - 60. Let l(b) = -b**3 + 11*b**2 + 13*b + 14. Let j be l(a). Calculate the highest common factor of 208 and j.
26
Suppose 3*p + 0*p = 27. Let m(t) = t**2 + 3*t - 9. Let k be (-25)/4 + (-2)/(-8). Let f be m(k). What is the highest common divisor of f and p?
9
Let o(p) = 17*p - 7. Let q(v) = -33*v + 15. Let z(b) = 7*o(b) + 4*q(b). Let u be z(-2). What is the greatest common factor of 37 and u?
37
Let i be 16 + 3*4/(-6). Let h(c) be the third derivative of -c**4/24 + 7*c**3/3 + 7*c**2. Let p be h(12). What is the greatest common divisor of p and i?
2
Let n = 167 - 304. Let b = -56 - n. Calculate the greatest common factor of 54 and b.
27
Let y = -71 + 166. Let q(t) = -t**3 + 11*t**2 - 18*t - 10. Let v be q(8). What is the highest common divisor of v and y?
19
Let w(a) = a**3 - 7*a**2 - 12*a - 9. Let c be w(9). Let o be ((-17)/17)/(2/30). Let j be ((-4)/(-4))/((-1)/o). Calculate the greatest common divisor of c and j.
15
Let h(v) = 29*v**2 + 15*v + 14. Let m be h(-1). What is the highest common factor of m and 3332?
28
Suppose 0 = -43*t + 4141 - 1389. Calculate the highest common factor of t and 832.
64
Let l = -81 - -89. Suppose -l*d = -9*d + 8. What is the greatest common factor of d and 8?
8
Suppose -539*c = -530*c - 612. Calculate the highest common factor of 238 and c.
34
Let c(a) = 12*a + 80. Let o be c(-6). Calculate the highest common divisor of o and 32.
8
Let j(r) = -5*r - 4. Let n be j(-5). Suppose -4*h - 368 = -4*y + 40, -y + 120 = 5*h. What is the greatest common divisor of n and y?
21
Let n be 1/(((-4)/(-101))/(-4)). Let g = -65 - -66. Let j be g/(-4 - n/25). What is the greatest common divisor of j and 225?
25
Let w(i) = 13*i - 28. Let d be w(11). Calculate the highest common factor of 5 and d.
5
Suppose 4*x + 8*x - 72 = 0. Suppose -x*s = s - 315. Suppose r - 3*r + 39 = 3*o, -3*r = 2*o - 51. What is the highest common factor of r and s?
15
Let p be (55/(-44))/(1/4). Let r be p/10 + (-161)/(-2). Let d = 71 + -39. What is the greatest common divisor of d and r?
16
Suppose -5*r - 20 = -2*n - 94, -4*n = -12. Calculate the greatest common factor of r and 28.
4
Suppose m - 4 = -y, -4*y + 7*y = -4*m + 13. Let f = 4 + -1. What is the greatest common factor of f and m?
1
Suppose -p + 6 = -m, -8 = -5*p + 2*m + 31. Let v be (1 - 0)/(2 + (-1)/1). Let g be ((-189)/6)/(v*(-4)/8). Calculate the highest common divisor of p and g.
9
Let j(i) = -7 + 17 + 6*i - 3*i + 9. Let o be j(-5). Calculate the highest common divisor of o and 2.
2
Let w(z) = z**2 - 3*z - 21. Let o be w(8). Let k = -4 - -5. Calculate the greatest common divisor of k and o.
1
Let d be -2 + 33/9*3. What is the greatest common factor of d and 6?
3
Suppose 3*g - y - 597 = 0, 2*y + 509 = 2*g + 115. What is the greatest common divisor of g and 80?
40
Let d(u) = u + 22*u**2 - 3*u**2 + 7 + 5*u. Let i be d(-4). What is the greatest common factor of i and 41?
41
Let o = -694 + 758. What is the highest common factor of 216 and o?
8
Suppose 32*s + 18 = 29*s. Let u be (-2)/s - 51/(-9). What is the highest common factor of 15 and u?
3
Let y = -2443 + 2521. What is the greatest common factor of y and 338?
26
Suppose 2*t = -2*t + 60. Let r = t - -17. Let q(i) = 16*i. Let l be q(3). Calculate the highest common divisor of l and r.
16
Let t(k) = -k**2 + 29*k - 53. Let p(v) = 2*v**2 - 44*v + 79. Let a(d) = 5*p(d) + 8*t(d). Let w be a(-9). What is the highest common divisor of 275 and w?
25
Let g(i) = -i**3 + i**2 + 10*i - 7. Let a be g(-4). What is the highest common factor of a and 451?
11
Let y(h) = -5*h - 13. Let g(m) = 16*m + 40. Let f(t) = -2*g(t) - 7*y(t). Let w be f(15). What is the highest common factor of 7 and w?
7
Let o be 1182/7 + (8/(-28))/(-2). Let a = o + -99. Calculate the greatest common divisor of 5 and a.
5
Let a(p) = p**3 + 6*p**2 + p - 9. Let u be a(-5). Let y = 23 - u. Calculate the greatest common divisor of 120 and y.
12
Suppose 0*h - 16 = -4*h. Let o be ((-36)/21)/(h/(-70)). Let q be 106/5 + (-6)/o. Calculate the highest common factor of 3 and q.
3
Let l(p) = -8*p**3 - 4*p**2 - 2*p + 3. Suppose 0 = -f + 5*f + 12. Let b be l(f). What is the greatest common divisor of 27 and b?
27
Let g(s) = -7*s - 33. Let b be g(-5). Let q(c) = -3 - 2*c + c + 6*c. Let w be q(b). Calculate the highest common factor of w and 28.
7
Suppose -2*t + k + 989 = 0, 7*t - 5*t - 987 = -k. Calculate the greatest common divisor of 38 and t.
38
Let o = -44 + 116. Let x be ((-71)/((-639)/(-72)))/((-2)/12). Calculate the highest common divisor of o and x.
24
Let l(f) = -105*f**2 - 3*f - 3. Let z be l(-2). Let u = -274 - z. Calculate the highest common divisor of u and 13.
13
Suppose 2*s - 1418 = -2*u, 6*s - 2123 = -3*u + 2*s. Calculate the greatest common factor of u and 23.
23
Let z(h) = 6*h**2 - 2*h + 2. Let p be z(1). Suppose -p*m + 9 + 27 = 0. What is the highest common factor of 30 and m?
6
Suppose 4*w - 6*w + 44 = 0. Let o = -758 - -890. Calculate the greatest common factor of o and w.
22
Suppose -d - 3*d = -64. Suppose 0 = 3*t + 9*t - 2976. Let b = t + -168. What is the greatest common factor of d and b?
16
Suppose 3*d = 5*b - 366, -d + 27 + 51 = b. What is the greatest common divisor of 135 and b?
15
Let v be 2/((-2)/(-11 - -3)). Suppose 2*i - m = v, 3*m + 9 - 33 = -2*i. Calculate the highest common divisor of i and 48.
6
Let b be 5848/5 - 90/150. Calculate the highest common factor of 668 and b.
167
Let b be -1*27/3*-5. Suppose n + b = 4*n. What is the greatest common factor of 165 and n?
15
Let a(o) = 12*o**2 + 8. Let q be a(-7). Let j = q + -388. What is the highest common factor of 26 and j?
26
Let i be 72/(-90) + (-878)/(-10). Let a = 87 + -58. Calculate the greatest common factor of i and a.
29
Suppose -71*g + 136*g = 8060. What is the greatest common factor of 2356 and g?
124
Let b = -278 + 908. Calculate the highest common divisor of b and 70.
70
Let d(s) = 34*s + 464. Let z be d(-11). Calculate the highest common divisor of 330 and z.
30
Suppose 10*w + 254 = 1194. What is the greatest common divisor of w and 517?
47
Suppose 0 = -8*k + 23*k + 1335. Let i = -87 - k. Calculate the greatest common factor of 6 and i.
2
Let n be (-36)/(-21)*((-27)/(-6) - 1). Suppose 0 = n*d - 36. What is the highest common divisor of d and 4?
2
Suppose 2*m + 120 = 6*m. Let p = 165 + -120. Calculate the highest common factor of m and p.
15
Let k = 9 - 6. Suppose -3*g + 12 = 0, -4*a + 3*g + k = a. Suppose -2*w - t + 165 = 0, 2*w - 8*t = -a*t + 183. What is the greatest common divisor of w and 21?
21
Let f(c) = c**2 + 23*c + 38. Let b be f(-18). Let k = 124 + b. What is the greatest common divisor of k and 8?
8
Let x be 12/21 - 14048/(-112). Calculate the highest common divisor of 168 and x.
42
Let x(m) = 113*m + 227. Let r be x(-2). Let b = 1 - 0. Calculate the greatest common divisor of r and b.
1
Let p(g) be the third derivative of -g**5/60 + g**4/2 + 17*g**3/6 - 5*g**2. Let j be p(12). Calculate the greatest common factor of 119 and j.
17
Let k be (5 + 2 + -2)/1. Suppose 49 = -6*t + 289. What is the greatest common factor of k and t?
5
Let l = 210 + -45. What is the highest common factor of l and 275?
55
Let k = -28 + 75. Let z = -2 + k. What is the greatest common divisor of z and 15?
15
Let y = 27 + 13. Let f be (102/18 + 5)*(-6)/(-4). What is the highest common